-17)/(748/(-47836569)) a prime number?
False
Suppose 16*p = 7*p + 108. Let s be -2 + 129/p - (-3)/12. Suppose 0 = -s*x + 4676 + 571. Is x a prime number?
False
Suppose 13*o = 410 + 370. Let i = o + 29. Let b = i - -74. Is b a composite number?
False
Let c(s) = -3*s + 49. Let n be c(10). Suppose 2*b + n = -3. Let a = 30 + b. Is a a composite number?
False
Let l(r) = 28*r**2 + 30*r + 7. Is l(-8) prime?
True
Is 758554/(2/(-18 + 5 - -15)) a composite number?
True
Let p(z) = 273*z**3 - 7*z**2 + 39*z - 39. Is p(10) composite?
False
Let o(t) = -t**3 + 10*t**2 - 19*t + 23. Let m be 9/2*12/9. Is o(m) composite?
False
Suppose m - 3*v + 3 - 2 = 0, 4*v - 8 = 0. Suppose -m*q = 0, 1479 + 4997 = 4*u + q. Is u composite?
False
Let g be (-1106)/(-10) - (36/(-15))/6. Suppose g*m - 105*m - 74658 = 0. Is m a composite number?
True
Let j(b) = -b - 9. Let r be j(3). Is 2/r + 357487/78 a composite number?
False
Let j(u) = -72*u**3 + 4*u**2 - 9*u - 14. Suppose 79 = -6*x + 49. Is j(x) a prime number?
False
Let d be -4*(-2 + 3) + -1528. Let k = d + 2401. Is k a prime number?
False
Let z(w) = w**2 + 8*w + 18. Let y be z(-5). Suppose c - y = -3*c - t, -t = -3*c + 11. Suppose -3*b + 2705 = c*b. Is b a composite number?
False
Let m(c) = -22*c**3 + 5*c**2 - 4. Let i be m(5). Let s = 4360 + i. Is s composite?
True
Suppose 2*u - 50*u - 17*u + 11190595 = 0. Is u prime?
False
Let n(x) be the first derivative of -733*x**4/2 - x**2/2 - 2*x - 247. Let i = -7 + 6. Is n(i) prime?
False
Let i(w) = -23*w**3 + 8*w**2 - 4*w + 2. Let r be i(-6). Let z = r + -2133. Is z prime?
False
Suppose -9885015 = -150*c + 8447342 - 4757507. Is c prime?
True
Let h(z) = 7*z**3 + 5*z**2 - 4*z - 3. Suppose -4*x - 4 = -s, -5*s + 3 = 3*x + 6. Suppose -4*d = -3*c - 0*d + 7, -2*c - 2*d + 14 = s. Is h(c) composite?
False
Suppose 67599 = 5*g - 4*f, -11*g + 15*g - 2*f = 54078. Let n = g + -2336. Is n prime?
False
Let h = -70 - -80. Suppose -2*u - 3*a = -2, -5*u = -9*a + h*a + 8. Is (1149/9)/(u/(-30) + 0) prime?
False
Let a = 330247 + 1123600. Is a a composite number?
False
Is (-42 + 87 + -47)/((-883209)/883207 + 1) composite?
True
Suppose 54*h = -13*h + 1187441. Is h a composite number?
True
Let f = 34601 + 13820. Is f prime?
False
Let l(t) = 293*t + 30. Let i be l(3). Suppose -4*w = -s - 3688, 11*w - 3*s + i = 12*w. Is w a composite number?
True
Let w(r) = r**2 + 4*r + 4. Let s be w(-6). Let z = s + -14. Suppose -3*t + z*u + 12 + 11 = 0, -2*u = -5*t + 45. Is t composite?
False
Suppose -5*p + 4*y = -14, -2*y - 6 = -2*p - 0*y. Suppose -p*q = 6*q - 47224. Is q prime?
True
Is (-2481)/(-2)*(-548)/(-411) a composite number?
True
Let g(v) = -310*v + 39. Let r(s) = -931*s + 121. Let p(z) = -7*g(z) + 2*r(z). Is p(9) a prime number?
True
Suppose -8 = -4*k + g, 4*k - 7*k + 13 = g. Suppose -8*l + k*l = -117275. Is l a composite number?
True
Suppose -5076 = -10*h - 2*h. Suppose 0 = 4*r - 5021 - h. Is r a prime number?
True
Let q be 1*195*((-96)/(-9))/4. Suppose -v - 830 = 5*d, -3*v - q = 3*d + 2*v. Is ((-153)/(-18))/(d/(-82) + -2) prime?
False
Let t(b) = 1344*b**2 + 9*b - 34. Let l be t(8). Suppose 0 = -15*w + l + 181801. Is w a prime number?
False
Let j = 401 + -271. Suppose j = 3*l + 2*a - 2225, 4*a + 12 = 0. Is l a composite number?
False
Suppose 0 = u + b - 1011 - 3566, 0 = -5*u - 4*b + 22890. Let v = -3211 + u. Is v a composite number?
True
Let o(p) = -6*p**3 + 25*p**2 - 7*p - 81. Is o(-16) prime?
False
Suppose -4*g + 3*a - 50893 = 0, 4*g - 2*a + 12752 = -38142. Let j = g + 24419. Is j a prime number?
False
Let o(q) = -q. Let g(i) = 2189*i - 2. Let x(v) = g(v) + 4*o(v). Is x(1) a prime number?
False
Suppose -101*t - 3524114 = -123*t. Is t a composite number?
True
Suppose -31*f - 2*i - 165301 = -32*f, 3*f + 3*i = 495912. Suppose 5*r - 2*a - f = 0, 7*a - 165307 = -5*r + 5*a. Is r composite?
True
Let l = 474 - 470. Suppose -l*j - 5271 + 48202 = 3*k, 5*j - 3*k - 53630 = 0. Is j a composite number?
False
Let o = -3491 - -43944. Is o a prime number?
False
Suppose -t - 1678 = -5761. Let j = 362 - 324. Suppose -j*c + 35*c = -t. Is c a prime number?
True
Suppose 2*z + 2 = -2*c, -18*c = -13*c + z + 1. Suppose c = 4*m - 16, -2*b + 6*m - 5*m + 574 = 0. Is b prime?
False
Let t(y) = 160*y**2 - 30*y - 51. Is t(-10) composite?
False
Let q = -1013 - -433. Let f = 1397 - q. Is f a prime number?
False
Suppose 20*o - 1579408 = 12*o. Is o composite?
True
Let v(w) = w**3 - 13*w**2 - 58*w - 21. Let i be 25*(0 + 1) + 0/25. Is v(i) prime?
True
Let z(k) = -761*k - 105. Suppose 3*t = -2*d - 20, -5*d - 19 = 4*t + 17. Is z(d) a composite number?
False
Let g(j) = -22*j + 16. Let v be g(-8). Suppose -3*m = -v - 480. Suppose -891 - m = -5*x. Is x composite?
False
Let q(o) = 6081*o**2 - 14*o + 19. Is q(4) composite?
False
Suppose -4*g = 4*a - 8*g - 28, 0 = -g - 4. Suppose 2*s - 180 = u, -5*u = -0*u + a*s + 835. Let r = u + 424. Is r a composite number?
True
Is 1294114/22 - (-1276)/(-3509) composite?
True
Suppose 2*x - 17 = -1. Let k(y) = 142 + 9*y**2 - 43 - 31 - 25 + y - y**3 - 26. Is k(x) prime?
True
Let x = 40 + -38. Is (x - (-1)/1)*(-8222)/(-6) a composite number?
False
Suppose -o + 400539 = -4*p, 6*p = 4*o - 1264599 - 337487. Is o prime?
False
Let n be 6/(-42) + 60/28. Suppose 10432 = n*u + 2*u + x, 0 = -2*u - 5*x + 5198. Is u prime?
True
Let o(t) = -t**2 - 8*t - 5. Let i be o(-6). Suppose u + i = 3*b, -5*b = 2*u + 3*u + 55. Is (-2114)/u - (2 - 24/15) a composite number?
False
Let p(a) = -148*a**3 + 24*a**2 + 137*a + 71. Is p(-16) a composite number?
True
Let p(r) = 1457*r**2 + 2*r - 16. Let k be p(3). Let s = k + -7522. Is s a prime number?
True
Let p = -7943 + 14278. Suppose 3*r + 98434 = 4*u, 3*r + 30948 = u + p. Is u composite?
True
Is ((-36)/22)/3 + (-78388708)/(-3916) a composite number?
True
Is 8 + 1 + ((-22*210439)/(-11) - 0) composite?
True
Suppose -p - 2*u = -132955, -146*u + 141*u = 3*p - 398861. Is p a prime number?
True
Let k = 10 + -7. Let h(a) = 110*a**3 + a**2 + 10*a + 40. Let y(r) = -54*r**3 - r**2 - 4*r - 18. Let s(g) = -4*h(g) - 9*y(g). Is s(k) a composite number?
False
Suppose 3*i - 6*i = 9, m + i = 6. Suppose 13*u - m*u - 15108 = 0. Is u a composite number?
True
Suppose -2 = -s + 2*w, -5*s + 0*w + 22 = 2*w. Suppose 0*j - 5295 = -j + 5*u, s*j - u = 21218. Is j composite?
True
Let x = -3 + 6. Let q(g) = 310 - 161 - 148 + 59*g + 43*g. Is q(x) composite?
False
Let f = -46 - -454. Suppose -53*i = 204*i - 311741. Let m = i + f. Is m composite?
False
Let h = 27 - 23. Let b(i) = 44*i**2 + 5*i - 16. Let o be b(h). Suppose 73 + o = n. Is n a composite number?
True
Let v(h) = -4*h - 59. Let p be v(-15). Let y(q) = 386*q + 9. Let o be y(p). Suppose -1542 = -x + o. Is x a composite number?
True
Let g be (-2)/(10/(-45)) - 0. Suppose 14*q - 5935 = g*q. Is q a prime number?
True
Let g(v) = 2*v + 41. Let b be g(-8). Let n(m) = m**3 - 22*m**2 + 7*m - 21. Is n(b) prime?
True
Let l(u) = -75*u - 4. Let q be l(-7). Suppose -40616 = -5*v - q. Let p = 12068 - v. Is p prime?
True
Is 148599 + (2 - 2) + 20 a prime number?
False
Let f = 7078 - -25665. Is f a composite number?
True
Let i = 41 - 39. Suppose -3*c = 3*p - 91 - 200, -2*c + i*p + 174 = 0. Is 23/c + (-1923)/(-4) a prime number?
False
Let o(v) = -7814*v + 1135. Is o(-12) composite?
False
Suppose -3*y = -3*i - 375, -3*y + 2*i = 6*i - 361. Suppose -11*f + 13*f + 147 = -j, -3*f - 2*j = 220. Let t = f + y. Is t composite?
True
Let k = -216 + 218. Let q(j) = 8*j**2 - 2. Let p be q(-3). Suppose 2*d - 6 - 2 = 0, 2*v = -k*d + p. Is v prime?
True
Suppose 4*f + 3213 + 2015 = -5*b, -3*f + b = 3902. Suppose -2*k = -101 - 5749. Let w = f + k. Is w a composite number?
True
Let k be (23 + -8)*1/(6/40). Suppose -6*o + o + k = 0. Suppose -16*u + o*u = 844. Is u a prime number?
True
Suppose 6*y + 72 = 9*y. Let w = y + -30. Is 2*w/((-24)/1474) a prime number?
False
Is (-621042)/(-12) - (-84)/24 prime?
False
Let t = 71371 + 537894. Is t a composite number?
True
Let v be (8169/28 + 6)*-4. Let l = 1678 + v. Is l prime?
True
Let h(k) be the first derivative of -5*k**4/4 + 4*k**3/3 + 29*k**2/2 - 41*k + 45. Is h(-11) prime?
True
Let k(c) be the first derivative of 184*c**3/3 - 5*c**2 - 25*c + 167. Is k(-4) composite?
True
Suppose 2*g - 2 - 2 = 0. Suppose f - 10736 = -3*z, -4*f + g*z + 2*z + 42944 = 0. Let s = f + 